{"id":3898,"date":"2024-10-15T22:55:31","date_gmt":"2024-10-15T22:55:31","guid":{"rendered":"https:\/\/painelvicentino.com.br\/?page_id=3898"},"modified":"2025-07-25T18:33:29","modified_gmt":"2025-07-25T18:33:29","slug":"processo-de-canonizacao-do-beato-antonio-frederico-ozanam","status":"publish","type":"page","link":"https:\/\/painelvicentino.com.br\/?page_id=3898","title":{"rendered":"Processo de Canoniza\u00e7\u00e3o do Beato Ant\u00f4nio Frederico Ozanam"},"content":{"rendered":"\t\t<div data-elementor-type=\"wp-post\" data-elementor-id=\"3898\" class=\"elementor elementor-3898\">\n\t\t\t\t\t\t<section class=\"elementor-section elementor-top-section elementor-element elementor-element-bab9624 elementor-section-height-min-height elementor-section-boxed elementor-section-height-default elementor-section-items-middle\" data-id=\"bab9624\" data-element_type=\"section\" data-e-type=\"section\">\n\t\t\t\t\t\t<div class=\"elementor-container elementor-column-gap-default\">\n\t\t\t\t\t<div class=\"elementor-column elementor-col-100 elementor-top-column elementor-element elementor-element-5f224bc\" data-id=\"5f224bc\" data-element_type=\"column\" data-e-type=\"column\">\n\t\t\t<div class=\"elementor-widget-wrap elementor-element-populated\">\n\t\t\t\t\t\t<div class=\"elementor-element elementor-element-6c193f1 elementor-position-top elementor-widget elementor-widget-image-box\" data-id=\"6c193f1\" data-element_type=\"widget\" data-e-type=\"widget\" data-widget_type=\"image-box.default\">\n\t\t\t\t<div class=\"elementor-widget-container\">\n\t\t\t\t\t<div class=\"elementor-image-box-wrapper\"><figure class=\"elementor-image-box-img\"><img decoding=\"async\" width=\"188\" height=\"221\" src=\"https:\/\/painelvicentino.com.br\/wp-content\/uploads\/2024\/10\/images-1.jpg\" class=\"attachment-full size-full wp-image-3901\" alt=\"\" \/><\/figure><div class=\"elementor-image-box-content\"><h6 class=\"elementor-image-box-title\">Processo de Canoniza\u00e7\u00e3o do Beato Ant\u00f4nio Frederico Ozanam<\/h6><\/div><\/div>\t\t\t\t<\/div>\n\t\t\t\t<\/div>\n\t\t\t\t\t<\/div>\n\t\t<\/div>\n\t\t\t\t\t<\/div>\n\t\t<\/section>\n\t\t\t\t<section class=\"elementor-section elementor-top-section elementor-element elementor-element-6a22837 elementor-section-boxed elementor-section-height-default elementor-section-height-default\" data-id=\"6a22837\" data-element_type=\"section\" data-e-type=\"section\">\n\t\t\t\t\t\t<div class=\"elementor-container elementor-column-gap-default\">\n\t\t\t\t\t<div class=\"elementor-column elementor-col-100 elementor-top-column elementor-element elementor-element-9335dfa\" data-id=\"9335dfa\" data-element_type=\"column\" data-e-type=\"column\">\n\t\t\t<div class=\"elementor-widget-wrap elementor-element-populated\">\n\t\t\t\t\t\t<div class=\"elementor-element elementor-element-1eab7f1 elementor-tabs-view-vertical elementor-tabs-alignment-stretch elementor-widget elementor-widget-tabs\" data-id=\"1eab7f1\" data-element_type=\"widget\" data-e-type=\"widget\" data-widget_type=\"tabs.default\">\n\t\t\t\t<div class=\"elementor-widget-container\">\n\t\t\t\t\t\t\t<div class=\"elementor-tabs\">\n\t\t\t<div class=\"elementor-tabs-wrapper\" role=\"tablist\" >\n\t\t\t\t\t\t\t\t\t<div id=\"elementor-tab-title-3211\" class=\"elementor-tab-title elementor-tab-desktop-title\" aria-selected=\"true\" data-tab=\"1\" role=\"tab\" tabindex=\"0\" aria-controls=\"elementor-tab-content-3211\" aria-expanded=\"false\">\u27a5 O que tem de novidade no processo?<\/div>\n\t\t\t\t\t\t\t<\/div>\n\t\t\t<div class=\"elementor-tabs-content-wrapper\" role=\"tablist\" aria-orientation=\"vertical\">\n\t\t\t\t\t\t\t\t\t<div class=\"elementor-tab-title elementor-tab-mobile-title\" aria-selected=\"true\" data-tab=\"1\" role=\"tab\" tabindex=\"0\" aria-controls=\"elementor-tab-content-3211\" aria-expanded=\"false\">\u27a5 O que tem de novidade no processo?<\/div>\n\t\t\t\t\t<div id=\"elementor-tab-content-3211\" class=\"elementor-tab-content elementor-clearfix\" data-tab=\"1\" role=\"tabpanel\" aria-labelledby=\"elementor-tab-title-3211\" tabindex=\"0\" hidden=\"false\"><p>\u201cUm novo poss\u00edvel milagre, tamb\u00e9m ocorrido no Brasil, est\u00e1 em an\u00e1lise pelo Vaticano, ap\u00f3s muitos anos sem novidades no processo de canoniza\u00e7\u00e3o. O Conselho Geral, nesses \u00faltimos cinco anos, vem atuando intensamente para que a Santa Igreja proclame Ozanam como santo&#8230;\u201d<\/p><p><a href=\"https:\/\/ssvpcmbh.org.br\/depois-de-24-anos-de-beatificacao-avanca-a-canonizacao-de-ozanam\/\" target=\"_blank\" rel=\"noopener\">Clique aqui para acessar a mat\u00e9ria completa para mais informa\u00e7\u00f5es.<\/a><\/p><\/div>\n\t\t\t\t\t\t\t<\/div>\n\t\t<\/div>\n\t\t\t\t\t\t<\/div>\n\t\t\t\t<\/div>\n\t\t\t\t\t<\/div>\n\t\t<\/div>\n\t\t\t\t\t<\/div>\n\t\t<\/section>\n\t\t\t\t<section class=\"elementor-section elementor-top-section elementor-element elementor-element-457076c elementor-section-boxed elementor-section-height-default elementor-section-height-default\" data-id=\"457076c\" data-element_type=\"section\" data-e-type=\"section\">\n\t\t\t\t\t\t<div class=\"elementor-container elementor-column-gap-default\">\n\t\t\t\t\t<div class=\"elementor-column elementor-col-100 elementor-top-column elementor-element elementor-element-7677e27\" data-id=\"7677e27\" data-element_type=\"column\" data-e-type=\"column\">\n\t\t\t<div class=\"elementor-widget-wrap elementor-element-populated\">\n\t\t\t\t\t\t<div class=\"elementor-element elementor-element-ae91a8c elementor-widget elementor-widget-spacer\" data-id=\"ae91a8c\" data-element_type=\"widget\" data-e-type=\"widget\" data-widget_type=\"spacer.default\">\n\t\t\t\t<div class=\"elementor-widget-container\">\n\t\t\t\t\t\t\t<div class=\"elementor-spacer\">\n\t\t\t<div class=\"elementor-spacer-inner\"><\/div>\n\t\t<\/div>\n\t\t\t\t\t\t<\/div>\n\t\t\t\t<\/div>\n\t\t\t\t\t<\/div>\n\t\t<\/div>\n\t\t\t\t\t<\/div>\n\t\t<\/section>\n\t\t\t\t<section class=\"elementor-section elementor-top-section elementor-element elementor-element-e84c5bd elementor-section-boxed elementor-section-height-default elementor-section-height-default\" data-id=\"e84c5bd\" data-element_type=\"section\" data-e-type=\"section\">\n\t\t\t\t\t\t<div class=\"elementor-container elementor-column-gap-default\">\n\t\t\t\t\t<div class=\"elementor-column elementor-col-100 elementor-top-column elementor-element elementor-element-00566f6\" data-id=\"00566f6\" data-element_type=\"column\" data-e-type=\"column\">\n\t\t\t<div class=\"elementor-widget-wrap elementor-element-populated\">\n\t\t\t\t\t\t<div class=\"elementor-element elementor-element-5a8769f elementor-widget elementor-widget-text-editor\" data-id=\"5a8769f\" data-element_type=\"widget\" data-e-type=\"widget\" data-widget_type=\"text-editor.default\">\n\t\t\t\t<div class=\"elementor-widget-container\">\n\t\t\t\t\t\t\t\t\t<h6>\u27a5 Por que o Processo tem sido t\u00e3o demorado?<\/h6><h6>\u27a5 De que forma os vicentinos brasileiros podem contribuir com o processo de canoniza\u00e7\u00e3o neste momento?<\/h6>\t\t\t\t\t\t\t\t<\/div>\n\t\t\t\t<\/div>\n\t\t\t\t<div class=\"elementor-element elementor-element-9ef1a29 elementor-tabs-view-horizontal elementor-widget elementor-widget-tabs\" data-id=\"9ef1a29\" data-element_type=\"widget\" data-e-type=\"widget\" data-widget_type=\"tabs.default\">\n\t\t\t\t<div class=\"elementor-widget-container\">\n\t\t\t\t\t\t\t<div class=\"elementor-tabs\">\n\t\t\t<div class=\"elementor-tabs-wrapper\" role=\"tablist\" >\n\t\t\t\t\t\t\t\t\t<div id=\"elementor-tab-title-1661\" class=\"elementor-tab-title elementor-tab-desktop-title\" aria-selected=\"true\" data-tab=\"1\" role=\"tab\" tabindex=\"0\" aria-controls=\"elementor-tab-content-1661\" aria-expanded=\"false\">\u27b2 CONHECER;<\/div>\n\t\t\t\t\t\t\t\t\t<div id=\"elementor-tab-title-1662\" class=\"elementor-tab-title elementor-tab-desktop-title\" aria-selected=\"false\" data-tab=\"2\" role=\"tab\" tabindex=\"-1\" aria-controls=\"elementor-tab-content-1662\" aria-expanded=\"false\">\u27b2 INTERCEDER;<\/div>\n\t\t\t\t\t\t\t\t\t<div id=\"elementor-tab-title-1663\" class=\"elementor-tab-title elementor-tab-desktop-title\" aria-selected=\"false\" data-tab=\"3\" role=\"tab\" tabindex=\"-1\" aria-controls=\"elementor-tab-content-1663\" aria-expanded=\"false\">\u27b2 DIVULGAR;<\/div>\n\t\t\t\t\t\t\t<\/div>\n\t\t\t<div class=\"elementor-tabs-content-wrapper\" role=\"tablist\" aria-orientation=\"vertical\">\n\t\t\t\t\t\t\t\t\t<div class=\"elementor-tab-title elementor-tab-mobile-title\" aria-selected=\"true\" data-tab=\"1\" role=\"tab\" tabindex=\"0\" aria-controls=\"elementor-tab-content-1661\" aria-expanded=\"false\">\u27b2 CONHECER;<\/div>\n\t\t\t\t\t<div id=\"elementor-tab-content-1661\" class=\"elementor-tab-content elementor-clearfix\" data-tab=\"1\" role=\"tabpanel\" aria-labelledby=\"elementor-tab-title-1661\" tabindex=\"0\" hidden=\"false\"><p>Conhecer a vida e os ensinamentos de Ant\u00f4nio Frederico Ozanam \u00e9 fundamental para os vicentinos, pois um profundo entendimento de sua trajet\u00f3ria e das virtudes que praticou fortalece a espiritualidade e o compromisso da comunidade. Ao estudar sua obra e seu contexto hist\u00f3rico, os vicentinos podem apresentar testemunhos mais claros e fundamentados sobre sua santidade. Esse conhecimento n\u00e3o apenas enriquece a viv\u00eancia dos membros, mas tamb\u00e9m serve como base para a coleta de relatos e evid\u00eancias que s\u00e3o cruciais no processo de Canoniza\u00e7\u00e3o.<\/p><p><a href=\"https:\/\/www.vatican.va\/content\/john-paul-ii\/pt\/homilies\/1997\/documents\/hf_jp-ii_hom_19970822_paris.html\" target=\"_blank\" rel=\"noopener\">Clique aqui\u00a0para ler a homilia de S\u00e3o Jo\u00e3o Paulo II a respeito da vida, obra e legado de Ozanam<\/a><\/p><\/div>\n\t\t\t\t\t\t\t\t\t<div class=\"elementor-tab-title elementor-tab-mobile-title\" aria-selected=\"false\" data-tab=\"2\" role=\"tab\" tabindex=\"-1\" aria-controls=\"elementor-tab-content-1662\" aria-expanded=\"false\">\u27b2 INTERCEDER;<\/div>\n\t\t\t\t\t<div id=\"elementor-tab-content-1662\" class=\"elementor-tab-content elementor-clearfix\" data-tab=\"2\" role=\"tabpanel\" aria-labelledby=\"elementor-tab-title-1662\" tabindex=\"0\" hidden=\"hidden\"><p>Interceder por Ant\u00f4nio Frederico Ozanam \u00e9 um passo ativo na promo\u00e7\u00e3o de sua canoniza\u00e7\u00e3o. Os vicentinos podem organizar ora\u00e7\u00f5es comunit\u00e1rias e campanhas de intercess\u00e3o, pedindo a Deus que reconhe\u00e7a as virtudes do beato e conceda gra\u00e7as por meio de sua intercess\u00e3o. Cada milagre ou gra\u00e7a recebida em resposta a essas ora\u00e7\u00f5es pode ser documentado e apresentado como parte do processo formal de Canoniza\u00e7\u00e3o. Al\u00e9m disso, a intercess\u00e3o fortalece a uni\u00e3o da comunidade, engajando os fi\u00e9is em uma miss\u00e3o comum que valoriza a figura de Ozanam.<\/p><p><a href=\"https:\/\/www.ssvpglobal.org\/wp-content\/uploads\/2021\/08\/novena-pt.pdf\" target=\"_blank\" rel=\"noopener\">Clique aqui para ver a Novena em homenagem ao Bem-aventurado confrade Ant\u00f4nio-Frederico Ozanam<\/a><\/p><\/div>\n\t\t\t\t\t\t\t\t\t<div class=\"elementor-tab-title elementor-tab-mobile-title\" aria-selected=\"false\" data-tab=\"3\" role=\"tab\" tabindex=\"-1\" aria-controls=\"elementor-tab-content-1663\" aria-expanded=\"false\">\u27b2 DIVULGAR;<\/div>\n\t\t\t\t\t<div id=\"elementor-tab-content-1663\" class=\"elementor-tab-content elementor-clearfix\" data-tab=\"3\" role=\"tabpanel\" aria-labelledby=\"elementor-tab-title-1663\" tabindex=\"0\" hidden=\"hidden\"><p>Divulgar a vida e os ensinamentos de Ant\u00f4nio Frederico Ozanam \u00e9 essencial para sensibilizar a comunidade e ampliar o reconhecimento de sua santidade. Os vicentinos podem criar materiais informativos, eventos e campanhas nas redes sociais que compartilhem suas virtudes e contribui\u00e7\u00f5es sociais. Quanto mais pessoas conhecerem e se inspirarem em Ozanam, mais forte ser\u00e1 a base de apoio para sua Canoniza\u00e7\u00e3o. Al\u00e9m disso, a divulga\u00e7\u00e3o de milagres e testemunhos de f\u00e9 relacionados a ele pode servir como evid\u00eancia concreta para o processo, promovendo uma rede de f\u00e9 e solidariedade que solidifica sua import\u00e2ncia na vida da Igreja<\/p><p>Outra sugest\u00e3o tamb\u00e9m, \u00e9 a divulga\u00e7\u00e3o de Ozanam em todas as bolhas sociais que o Vicentino est\u00e1 presente&#8230;<\/p><p>Seja nas Pastorais da Igreja, seja na faculdade, escola, trabalho e afins. At\u00e9 mesmo nas visitas aos assistidos, falem e expliquem sobre o nosso fundador Ozanam para seus assistidos!<\/p><\/div>\n\t\t\t\t\t\t\t<\/div>\n\t\t<\/div>\n\t\t\t\t\t\t<\/div>\n\t\t\t\t<\/div>\n\t\t\t\t\t<\/div>\n\t\t<\/div>\n\t\t\t\t\t<\/div>\n\t\t<\/section>\n\t\t\t\t<section class=\"elementor-section elementor-top-section elementor-element elementor-element-b0acd74 elementor-section-boxed elementor-section-height-default elementor-section-height-default\" data-id=\"b0acd74\" data-element_type=\"section\" data-e-type=\"section\">\n\t\t\t\t\t\t<div class=\"elementor-container elementor-column-gap-default\">\n\t\t\t\t\t<div class=\"elementor-column elementor-col-100 elementor-top-column elementor-element elementor-element-11c3969\" data-id=\"11c3969\" data-element_type=\"column\" data-e-type=\"column\">\n\t\t\t<div class=\"elementor-widget-wrap elementor-element-populated\">\n\t\t\t\t\t\t<div class=\"elementor-element elementor-element-5b088ef elementor-widget elementor-widget-spacer\" data-id=\"5b088ef\" data-element_type=\"widget\" data-e-type=\"widget\" data-widget_type=\"spacer.default\">\n\t\t\t\t<div class=\"elementor-widget-container\">\n\t\t\t\t\t\t\t<div class=\"elementor-spacer\">\n\t\t\t<div class=\"elementor-spacer-inner\"><\/div>\n\t\t<\/div>\n\t\t\t\t\t\t<\/div>\n\t\t\t\t<\/div>\n\t\t\t\t\t<\/div>\n\t\t<\/div>\n\t\t\t\t\t<\/div>\n\t\t<\/section>\n\t\t\t\t<section class=\"elementor-section elementor-top-section elementor-element elementor-element-8b86b3c elementor-section-boxed elementor-section-height-default elementor-section-height-default\" data-id=\"8b86b3c\" data-element_type=\"section\" data-e-type=\"section\">\n\t\t\t\t\t\t<div class=\"elementor-container elementor-column-gap-default\">\n\t\t\t\t\t<div class=\"elementor-column elementor-col-100 elementor-top-column elementor-element elementor-element-4a4f04d\" data-id=\"4a4f04d\" data-element_type=\"column\" data-e-type=\"column\">\n\t\t\t<div class=\"elementor-widget-wrap elementor-element-populated\">\n\t\t\t\t\t\t<div class=\"elementor-element elementor-element-ed772cf elementor-widget elementor-widget-text-editor\" data-id=\"ed772cf\" data-element_type=\"widget\" data-e-type=\"widget\" data-widget_type=\"text-editor.default\">\n\t\t\t\t<div class=\"elementor-widget-container\">\n\t\t\t\t\t\t\t\t\t<p>\u201cPor fim, invocar a eficaz intercess\u00e3o do Beato Ozanam, rezando a ora\u00e7\u00e3o em vista de sua Canoniza\u00e7\u00e3o e confiando-lhe inten\u00e7\u00f5es e anseios, certos de que, l\u00e1 do C\u00e9u, gra\u00e7as \u00e0 comunh\u00e3o dos santos, ele acompanha os passos daqueles que levam em frente sua obra de amor e servi\u00e7o aos Pobres.\u201d<\/p><p><a href=\"https:\/\/www.pbcm.org.br\/noticia\/canonizacao-do-beato-frederico-ozanam-03092021-152746\" target=\"_blank\" rel=\"noopener\">Clique aqui para acessar o link da mat\u00e9ria completa a seguir para mais informa\u00e7\u00f5es;<\/a><\/p>\t\t\t\t\t\t\t\t<\/div>\n\t\t\t\t<\/div>\n\t\t\t\t\t<\/div>\n\t\t<\/div>\n\t\t\t\t\t<\/div>\n\t\t<\/section>\n\t\t\t\t<section class=\"elementor-section elementor-top-section elementor-element elementor-element-f55f12a elementor-section-boxed elementor-section-height-default elementor-section-height-default\" data-id=\"f55f12a\" data-element_type=\"section\" data-e-type=\"section\">\n\t\t\t\t\t\t<div class=\"elementor-container elementor-column-gap-default\">\n\t\t\t\t\t<div class=\"elementor-column elementor-col-100 elementor-top-column elementor-element elementor-element-8a7e956\" data-id=\"8a7e956\" data-element_type=\"column\" data-e-type=\"column\">\n\t\t\t<div class=\"elementor-widget-wrap elementor-element-populated\">\n\t\t\t\t\t\t<div class=\"elementor-element elementor-element-e3fd82b elementor-widget elementor-widget-spacer\" data-id=\"e3fd82b\" data-element_type=\"widget\" data-e-type=\"widget\" data-widget_type=\"spacer.default\">\n\t\t\t\t<div class=\"elementor-widget-container\">\n\t\t\t\t\t\t\t<div class=\"elementor-spacer\">\n\t\t\t<div class=\"elementor-spacer-inner\"><\/div>\n\t\t<\/div>\n\t\t\t\t\t\t<\/div>\n\t\t\t\t<\/div>\n\t\t\t\t\t<\/div>\n\t\t<\/div>\n\t\t\t\t\t<\/div>\n\t\t<\/section>\n\t\t\t\t<section class=\"elementor-section elementor-top-section elementor-element elementor-element-b7d0940 elementor-section-boxed elementor-section-height-default elementor-section-height-default\" data-id=\"b7d0940\" data-element_type=\"section\" data-e-type=\"section\">\n\t\t\t\t\t\t<div class=\"elementor-container elementor-column-gap-default\">\n\t\t\t\t\t<div class=\"elementor-column elementor-col-100 elementor-top-column elementor-element elementor-element-b6d1407\" data-id=\"b6d1407\" data-element_type=\"column\" data-e-type=\"column\">\n\t\t\t<div class=\"elementor-widget-wrap elementor-element-populated\">\n\t\t\t\t\t\t<div class=\"elementor-element elementor-element-abd8c09 elementor-widget elementor-widget-image\" data-id=\"abd8c09\" data-element_type=\"widget\" data-e-type=\"widget\" data-widget_type=\"image.default\">\n\t\t\t\t<div class=\"elementor-widget-container\">\n\t\t\t\t\t\t\t\t\t\t\t\t\t\t\t<img fetchpriority=\"high\" decoding=\"async\" width=\"300\" height=\"300\" src=\"https:\/\/painelvicentino.com.br\/wp-content\/uploads\/2024\/10\/Post14-300x300.webp\" class=\"attachment-medium size-medium wp-image-3906\" alt=\"\" srcset=\"https:\/\/painelvicentino.com.br\/wp-content\/uploads\/2024\/10\/Post14-300x300.webp 300w, https:\/\/painelvicentino.com.br\/wp-content\/uploads\/2024\/10\/Post14-150x150.webp 150w, https:\/\/painelvicentino.com.br\/wp-content\/uploads\/2024\/10\/Post14-768x771.webp 768w, https:\/\/painelvicentino.com.br\/wp-content\/uploads\/2024\/10\/Post14.webp 799w\" sizes=\"(max-width: 300px) 100vw, 300px\" \/>\t\t\t\t\t\t\t\t\t\t\t\t\t\t\t<\/div>\n\t\t\t\t<\/div>\n\t\t\t\t\t<\/div>\n\t\t<\/div>\n\t\t\t\t\t<\/div>\n\t\t<\/section>\n\t\t\t\t<\/div>\n\t\t","protected":false},"excerpt":{"rendered":"<p>Processo de Canoniza\u00e7\u00e3o do Beato Ant\u00f4nio Frederico Ozanam \u27a5 O que tem de novidade no processo? \u27a5 O que tem de novidade no processo? \u201cUm novo poss\u00edvel milagre, tamb\u00e9m ocorrido no Brasil, est\u00e1 em an\u00e1lise pelo Vaticano, ap\u00f3s muitos anos sem novidades no processo de canoniza\u00e7\u00e3o. O Conselho Geral, nesses \u00faltimos cinco anos, vem atuando [&hellip;]<\/p>\n","protected":false},"author":2,"featured_media":0,"parent":0,"menu_order":0,"comment_status":"closed","ping_status":"closed","template":"","meta":{"_eb_attr":"","om_disable_all_campaigns":false,"_monsterinsights_skip_tracking":false,"_monsterinsights_sitenote_active":false,"_monsterinsights_sitenote_note":"","_monsterinsights_sitenote_category":0,"_uf_show_specific_survey":0,"_uf_disable_surveys":false,"site-sidebar-layout":"no-sidebar","site-content-layout":"page-builder","ast-site-content-layout":"full-width-container","site-content-style":"unboxed","site-sidebar-style":"unboxed","ast-global-header-display":"","ast-banner-title-visibility":"","ast-main-header-display":"","ast-hfb-above-header-display":"","ast-hfb-below-header-display":"","ast-hfb-mobile-header-display":"","site-post-title":"disabled","ast-breadcrumbs-content":"","ast-featured-img":"disabled","footer-sml-layout":"","theme-transparent-header-meta":"default","adv-header-id-meta":"","stick-header-meta":"","header-above-stick-meta":"","header-main-stick-meta":"","header-below-stick-meta":"","astra-migrate-meta-layouts":"set","ast-page-background-enabled":"default","ast-page-background-meta":{"desktop":{"background-color":"","background-image":"","background-repeat":"repeat","background-position":"center center","background-size":"auto","background-attachment":"scroll","background-type":"","background-media":"","overlay-type":"","overlay-color":"","overlay-opacity":"","overlay-gradient":""},"tablet":{"background-color":"","background-image":"","background-repeat":"repeat","background-position":"center center","background-size":"auto","background-attachment":"scroll","background-type":"","background-media":"","overlay-type":"","overlay-color":"","overlay-opacity":"","overlay-gradient":""},"mobile":{"background-color":"","background-image":"","background-repeat":"repeat","background-position":"center center","background-size":"auto","background-attachment":"scroll","background-type":"","background-media":"","overlay-type":"","overlay-color":"","overlay-opacity":"","overlay-gradient":""}},"ast-content-background-meta":{"desktop":{"background-color":"var(--ast-global-color-5)","background-image":"","background-repeat":"repeat","background-position":"center center","background-size":"auto","background-attachment":"scroll","background-type":"","background-media":"","overlay-type":"","overlay-color":"","overlay-opacity":"","overlay-gradient":""},"tablet":{"background-color":"var(--ast-global-color-5)","background-image":"","background-repeat":"repeat","background-position":"center center","background-size":"auto","background-attachment":"scroll","background-type":"","background-media":"","overlay-type":"","overlay-color":"","overlay-opacity":"","overlay-gradient":""},"mobile":{"background-color":"var(--ast-global-color-5)","background-image":"","background-repeat":"repeat","background-position":"center center","background-size":"auto","background-attachment":"scroll","background-type":"","background-media":"","overlay-type":"","overlay-color":"","overlay-opacity":"","overlay-gradient":""}},"footnotes":""},"class_list":["post-3898","page","type-page","status-publish","hentry"],"aioseo_notices":[],"_links":{"self":[{"href":"https:\/\/painelvicentino.com.br\/index.php?rest_route=\/wp\/v2\/pages\/3898","targetHints":{"allow":["GET"]}}],"collection":[{"href":"https:\/\/painelvicentino.com.br\/index.php?rest_route=\/wp\/v2\/pages"}],"about":[{"href":"https:\/\/painelvicentino.com.br\/index.php?rest_route=\/wp\/v2\/types\/page"}],"author":[{"embeddable":true,"href":"https:\/\/painelvicentino.com.br\/index.php?rest_route=\/wp\/v2\/users\/2"}],"replies":[{"embeddable":true,"href":"https:\/\/painelvicentino.com.br\/index.php?rest_route=%2Fwp%2Fv2%2Fcomments&post=3898"}],"version-history":[{"count":28,"href":"https:\/\/painelvicentino.com.br\/index.php?rest_route=\/wp\/v2\/pages\/3898\/revisions"}],"predecessor-version":[{"id":4301,"href":"https:\/\/painelvicentino.com.br\/index.php?rest_route=\/wp\/v2\/pages\/3898\/revisions\/4301"}],"wp:attachment":[{"href":"https:\/\/painelvicentino.com.br\/index.php?rest_route=%2Fwp%2Fv2%2Fmedia&parent=3898"}],"curies":[{"name":"wp","href":"https:\/\/api.w.org\/{rel}","templated":true}]}}